(p) = -p**3 + 4*p**2 - p - 7. Let j be w(3). Suppose 0 = 4*y + g - 13, 2*y = 7*y - 2*g - 13. Calculate the remainder when 78 is divided by j/y*0 - -20.
18
Let n = -269 + 286. Calculate the remainder when 25 + 1/(1/(-2)) is divided by n.
6
Suppose -15*x + 121 = -44. Suppose 8 = o - x. What is the remainder when 53 is divided by o?
15
Let r(w) = -4*w - 2. Let g(b) = 2*b**2 + 3*b + 4. Let o be g(-4). What is the remainder when (1*-32)/(-2) + o/24 is divided by r(-3)?
7
Suppose -2*w + 277 = -32*f + 37*f, 2*f - 3*w = 126. Suppose 0*c + 678 = 3*c. Calculate the remainder when c is divided by f.
55
Let a = 972 + -944. Calculate the remainder when 77 is divided by a.
21
Let w(m) = -3*m**2 + 54*m + 7. What is the remainder when w(7) is divided by 19?
10
Let d = 20 + -18. Let y(z) = -5*z**2 + 3*z**2 + z + 3 + 3*z**d. Calculate the remainder when y(4) is divided by 13.
10
Let o(a) = -a**3 + 2*a**2 - a. Let u be o(1). Suppose 0 = 5*d + 6*d - 22. Calculate the remainder when 6 - (1 - (-1 - u)) is divided by d.
0
Let s(m) = -m**2 + 39*m + 120. What is the remainder when s(38) is divided by 23?
20
Suppose -12034 = -37*i + 1249. Calculate the remainder when i is divided by 5.
4
Let s(q) = 4*q**2 + 28*q + 73. Calculate the remainder when 450 is divided by s(-9).
15
Calculate the remainder when 1318 is divided by -5*(8 + -9) + 35.
38
Suppose 3*y - v - 110 = 0, 2*y - 4*v = -2*y + 144. What is the remainder when y is divided by 7?
2
Let z = 134 - 188. Let o = z + 77. What is the remainder when 90 is divided by o?
21
Let k = -32 + 58. Suppose 4*d - 10 = k. What is the remainder when d is divided by 6?
3
Let l(a) = 5*a + 115. Calculate the remainder when 22 is divided by l(-20).
7
Suppose -3*n + 55 = -170. Let l = -53 - -79. Calculate the remainder when n is divided by l.
23
Let q = -316 - -318. Calculate the remainder when 33 is divided by q.
1
Suppose -135 = -3*f - 12*f. What is the remainder when 69 is divided by f?
6
Suppose 5*r - 5*y + 18 = 4*r, 5*y = -5*r. Calculate the remainder when ((-2)/3)/((-3)/(3393/26)) is divided by 66/4 + r/(-6).
12
Let u(z) = 44*z**3 - z**2. Let c be (5/2)/(4/8). Suppose c*o + 32 - 142 = 0. Calculate the remainder when u(1) is divided by o.
21
Let q(z) = 11*z - 26. What is the remainder when 73 is divided by q(5)?
15
What is the remainder when (84/(-49))/((-6)/315) is divided by 20?
10
Let u = -43 + 66. Let x(d) = d**3 - 24*d**2 + 22*d + 28. What is the remainder when x(u) is divided by 2?
1
Let l = 195 - 95. What is the remainder when l is divided by 34?
32
Suppose -73 = 3*j + 5*q, -3*q = 2*j - 0*q + 47. Let o be ((-24)/j)/(2/4). Suppose -o = l - 10. Calculate the remainder when 20 is divided by l.
6
Suppose 5*z + 2*f - 81 = 0, z - 6 + 25 = 4*f. What is the remainder when 0 - (50*-1)/1 is divided by z?
11
Suppose 3 = -2*o - 2*g + 55, 2*g = 4*o - 116. What is the remainder when 415 is divided by o?
23
Let y = -762 - -1039. What is the remainder when y is divided by 32?
21
Let d = 24 + -20. Suppose -2*v + d = -6, 4*v = -3*s + 80. Calculate the remainder when s is divided by 8.
4
What is the remainder when 6 - (951 - -1)*(-17)/34 is divided by 10?
2
Let z = -25 - -152. What is the remainder when z is divided by 13?
10
Let n be (-260)/25 - 10/(-25). Let k = n - -57. Calculate the remainder when k is divided by 16.
15
Suppose -c + 6*c = 10. Suppose 0 = -x + 2*l + 10 + 4, 3*x - c*l = 34. Calculate the remainder when (4 - 414/45)*(-6 + 1) is divided by x.
6
Let z(c) = 12*c - 8. Calculate the remainder when z(3) is divided by 518/28 + -1 + (-2)/4.
11
Let q(f) = f**3 - 5*f**2 + 17*f - 5. Let y(c) = -6*c + 54. Let i be y(8). Calculate the remainder when q(i) is divided by 27.
25
What is the remainder when -2*305/(-10) - 0 is divided by (-1)/(2/(-4)) + 14?
13
Suppose 4*f + 3 = 4*r - 29, 18 = -4*f - 3*r. Let c(p) = -p**3 - 4*p**2 - 1. Calculate the remainder when c(f) is divided by 15.
11
Let x be 0 + (0 - 0) + 8. Let k(a) = a**2 - 9*a + 20. Calculate the remainder when 34 is divided by k(x).
10
Suppose 5*d + 3*m = 17, 2*d - m + 0*m + 2 = 0. Let t = 2 - 3. What is the remainder when (t - -3) + 55/d is divided by 15?
12
Let q(z) be the first derivative of z**4/6 + 3*z**2/2 + 5. Let k(g) be the second derivative of q(g). Calculate the remainder when 30 is divided by k(2).
6
Let i(d) = -2*d**3 - 2*d**2 - 2*d + 4. Let x = 1 - 2. Let j(n) = -n**2. Let h(c) = x*i(c) + 6*j(c). Calculate the remainder when 39 is divided by h(3).
19
Suppose 5*i - 9*f - 18 = -11*f, -5*f + 10 = -5*i. What is the remainder when (4 + -2)/(2/63) is divided by 11*5/i*24/30?
19
Let v = 158 - 108. What is the remainder when 37 is divided by (4/(-10))/((-1)/v)?
17
Suppose 3*b = 2*b - 5*i + 20, 2*b + 4*i - 22 = 0. Suppose j = -b + 15. Suppose -16 = -4*l, 2*s - 40 = -3*l + 10. What is the remainder when s is divided by j?
9
Suppose -a + 6 + 11 = 0. Suppose 0 = 4*l + 2*p - 122, -5*l = 49*p - 46*p - 154. Calculate the remainder when l is divided by a.
12
What is the remainder when 15/(1530/12) + 1265/85 is divided by 12?
3
Let q = -7 - -7. Let x(j) = -43*j - 47. What is the remainder when x(-2) is divided by (21 + q)*(-2)/(-2)?
18
Let r(u) = u**2 + 7*u + 11. Let z be r(-6). Suppose 5*t = 2*t + 3*b + 42, 0 = z*t + 2*b - 63. What is the remainder when 35 is divided by t?
9
Let r be (-5)/(-15)*-1*-84. Suppose 27*q = r*q - 169. What is the remainder when q is divided by 19?
17
Let f(t) = 2*t**2 + 5*t - 2. Let p be 1*3 - (-5)/(20/(-48)). Calculate the remainder when f(p) is divided by 13.
11
Let g = 52 + -1. Calculate the remainder when 101 is divided by g.
50
Suppose 2*w - o - 30 = 0, 5*w + 2*o - 6*o - 81 = 0. What is the remainder when w is divided by (-4)/(-2 - 2) - -7*1?
5
Let a = 1168 - 372. Let b = 733 - 720. Calculate the remainder when a/16 + 1/4 is divided by b.
11
Let g(p) = -27*p + 40. What is the remainder when g(-17) is divided by 21?
16
Let d be -5 + 11 + -2 + 0. Suppose -4*v + 16 = 2*r - 172, 0 = 5*v + d*r - 238. What is the remainder when v is divided by 17?
12
Let x(n) = -5*n + 167. Calculate the remainder when 309 is divided by x(21).
61
Let p(q) = q**2 - 11*q + 40. Let d be p(12). Suppose 45*y = d*y - 1057. Calculate the remainder when y is divided by 39.
34
Suppose -3*n = -6*n + 12. Suppose 2*k - 42 = n*y, 4*k - 5*y = 73 + 23. Calculate the remainder when k is divided by (-25)/(-3) - 2/6.
5
Let b be 565/10 + (-1)/(-2). Let k(t) = -t**2 - 18*t + 13. Let y be k(-13). Suppose 5*j - y - b = 0. Calculate the remainder when 53 is divided by j.
26
Let b(z) = z**2 + 7*z + 15. What is the remainder when b(-7) is divided by 1?
0
Suppose 4*d + 1 + 1 = -3*c, -3*c = -3*d - 12. Suppose -3*y + c*y + 10 = 0. Let j(b) = -3*b**2 + 241*b + 413. Calculate the remainder when y is divided by j(82).
1
Let d(f) = 21*f. Calculate the remainder when 208 is divided by d(1).
19
Let i be 3*-1 + (-7 - -122). Let k = -63 + i. Calculate the remainder when k is divided by 13.
10
Suppose -42*y + 1997 = -649. Calculate the remainder when 249 is divided by y.
60
Suppose -4*x = -9 - 151. Let s = -19 + x. What is the remainder when s is divided by (2 - 4)/((-2)/11)?
10
Suppose -2*o = -19 - 65. Suppose o = -4*s + 7*s. Let m = -412 - -466. Calculate the remainder when m is divided by s.
12
Suppose 0 = 76*c - 124*c + 5040. What is the remainder when 200 is divided by c?
95
Suppose -3*o = -3*v + 113 + 7, 2*o = -4*v + 130. Suppose 0 = -30*d + v*d - 750. Calculate the remainder when d is divided by 17.
14
Calculate the remainder when -1 - (-18)/4*18 is divided by 84/(4 + -1) - (-5 - -6).
26
Let t(z) = -z**2 - 10*z - 2. Let r = 99 + 8. Calculate the remainder when r is divided by t(-4).
19
Let q = 53 + 35. Calculate the remainder when q is divided by 10.
8
Suppose -2*y - 142 - 42 = -2*t, -2*y - 93 = -t. Suppose 38 = o - t. Calculate the remainder when o is divided by 22.
19
Suppose 4*r - 120 = -r. Let k(b) = -267*b - 1856. What is the remainder when r is divided by k(-7)?
11
Calculate the remainder when 522 is divided by (5/1)/(116/1740).
72
Suppose 0 = -25*f - 10*f + 1015. Calculate the remainder when 579 is divided by f.
28
Let b = 56 - 14. Calculate the remainder when b is divided by 15.
12
Suppose 92 - 36 = 4*j. Let i = 11 - j. Let l(r) = r**2 + 2*r - 1. What is the remainder when 3 is divided by l(i)?